{"id":4374,"date":"2023-10-11T18:55:44","date_gmt":"2023-10-12T00:55:44","guid":{"rendered":"https:\/\/www.toydarians.com\/?post_type=product&#038;p=4374"},"modified":"2023-10-12T15:24:07","modified_gmt":"2023-10-12T21:24:07","slug":"star-wars-the-vintage-collection-deluxe-krrsantan-the-book-of-boba-fett","status":"publish","type":"product","link":"https:\/\/www.toydarians.com\/?product=star-wars-the-vintage-collection-deluxe-krrsantan-the-book-of-boba-fett","title":{"rendered":"Star Wars &#8211; The Vintage Collection &#8211; Deluxe &#8211; Krrsantan &#8211; The Book Of Boba Fett"},"content":{"rendered":"<h1><strong>DESCRIPCI\u00d3N DEL PRODUCTO\u00a0<\/strong><\/h1>\n<h3><strong>KRRSANTAN<\/strong><\/h3>\n<div class=\"\" data-block=\"true\" data-editor=\"5blqq\" data-offset-key=\"aqvmo-0-0\">\n<div class=\"_1mf _1mj\" data-offset-key=\"aqvmo-0-0\"><span data-offset-key=\"aqvmo-0-0\">Tambi\u00e9n conocido como Krrsantan Negro, y apodado \u00abSanty\u00bb, \u00abBK\u00bb y \u00abBlack K\u00bb por el Doctor Aphra y \u00abSanto\u00bb por Garsa Fwip y Boba Fett, fue un cazarrecompensas wookiee cuya carrera abarc\u00f3 desde el gobierno del Imperio Gal\u00e1ctico hasta la era de la Nueva Rep\u00fablica. Originalmente escapando de su mundo natal Kashyyyk y entrenado por los infames hermanos Xonti como gladiador, Krrsantan m\u00e1s tarde se convirti\u00f3 en un feroz cazarrecompensas. Fue contratado regularmente por el se\u00f1or del crimen Jabba el Hutt y en un momento luch\u00f3 contra Obi-Wan Kenobi, recibiendo una cicatriz del sable de luz del Maestro Jedi. Durante la Guerra Civil Gal\u00e1ctica, Darth Vader contrat\u00f3 a Krrsantan para rastrear y capturar a un agente del Emperador.<\/span><\/div>\n<\/div>\n<div class=\"\" data-block=\"true\" data-editor=\"5blqq\" data-offset-key=\"7svpe-0-0\">\n<div class=\"_1mf _1mj\" data-offset-key=\"7svpe-0-0\"><span data-offset-key=\"7svpe-0-0\">\u00a0<\/span><\/div>\n<\/div>\n<div class=\"\" data-block=\"true\" data-editor=\"5blqq\" data-offset-key=\"1jrr4-0-0\">\n<div class=\"_1mf _1mj\" data-offset-key=\"1jrr4-0-0\"><span data-offset-key=\"1jrr4-0-0\">Tras la muerte de Jabba y el final de la guerra, Krrsantan fue empleado por los primos de ese difunto Hutt, hermanos y hermanas se\u00f1ores del crimen conocidos como los Gemelos. El imperio criminal de su primo hab\u00eda sido tomado por el ex cazarrecompensas Boba Fett, y los hutts buscaron los servicios de Krrsantan para arrebatar el control del autoproclamado Daimyo. Krrsantan intent\u00f3 asesinar a Fett, pero fue capturado por sus fuerzas. Poco despu\u00e9s, los gemelos prometieron abandonar Tatooine, y Krrsantan fue finalmente empleado por Boba Fett. Como parte de las fuerzas de Fett, particip\u00f3 en una batalla contra el Sindicato Pyke, que result\u00f3 en la victoria del Fett gotra.<\/span><\/div>\n<\/div>\n<div data-offset-key=\"1jrr4-0-0\"><\/div>\n<div data-offset-key=\"1jrr4-0-0\"><\/div>\n<div data-offset-key=\"1jrr4-0-0\">\n<div class=\"row\">\n<div class=\"col-md-12\">\n<div class=\"well well-sm\">\n<h3><\/h3>\n<h3 class=\"ada-product-h2\"><strong>Caracter\u00edsticas del producto<\/strong><\/h3>\n<ul>\n<li>Escala de 3,75 pulgadas (9,53 cm)<\/li>\n<li>Hecho de pl\u00e1stico<\/li>\n<li>De la serie de televisi\u00f3n, El libro de Boba Fett<\/li>\n<li>Calidad de coleccionista con detalles premium<\/li>\n<li>La figura presenta m\u00faltiples puntos de articulaci\u00f3n.<\/li>\n<\/ul>\n<\/div>\n<\/div>\n<\/div>\n<div class=\"row\">\n<div class=\"col-md-12\">\n<div class=\"well well-sm\">\n<h3><\/h3>\n<h3 class=\"ada-product-h2\"><strong>Contenido de la caja<\/strong><\/h3>\n<ul>\n<li>figura de krrsantan<\/li>\n<li>rifle bl\u00e1ster<\/li>\n<li>Fruta<\/li>\n<li>Taza<\/li>\n<li>2 efectos de la electricidad<\/li>\n<\/ul>\n<p><img loading=\"lazy\" class=\"\" src=\"https:\/\/www.toydarians.com\/wp-content\/uploads\/2023\/02\/Hasbro-Logo-706x400.png\" width=\"275\" height=\"156\" \/>\u00a0 \u00a0 \u00a0 \u00a0 \u00a0 \u00a0 \u00a0 \u00a0 \u00a0 \u00a0 \u00a0 \u00a0 \u00a0 \u00a0 \u00a0 \u00a0 \u00a0 \u00a0 \u00a0 \u00a0 \u00a0 \u00a0 \u00a0 \u00a0 \u00a0 \u00a0 \u00a0 \u00a0 \u00a0 \u00a0 \u00a0 \u00a0 \u00a0 \u00a0 \u00a0 \u00a0 \u00a0 \u00a0 \u00a0 \u00a0 \u00a0 \u00a0 \u00a0 \u00a0 \u00a0 \u00a0 \u00a0 \u00a0 \u00a0 \u00a0 \u00a0 \u00a0 \u00a0 \u00a0 \u00a0 \u00a0 \u00a0 \u00a0 \u00a0 \u00a0 \u00a0 \u00a0 \u00a0 \u00a0 \u00a0 \u00a0 \u00a0 \u00a0 \u00a0 \u00a0 \u00a0 \u00a0 \u00a0<img loading=\"lazy\" class=\"\" src=\"https:\/\/www.toydarians.com\/wp-content\/uploads\/2023\/02\/The-Vintage-Collection-800x346.png\" width=\"275\" height=\"119\" \/><\/p>\n<\/div>\n<\/div>\n<\/div>\n<\/div>\n","protected":false},"excerpt":{"rendered":"<h3><strong>Star Wars &#8211; The Vintage Collection<\/strong><\/h3>\n","protected":false},"featured_media":4375,"comment_status":"open","ping_status":"closed","template":"","meta":[],"product_cat":[69,70,82],"product_tag":[686,687,668,244,670,685,317,667,709,659,710,669],"yoast_head":"<!-- This site is optimized with the Yoast SEO plugin v19.6.1 - https:\/\/yoast.com\/wordpress\/plugins\/seo\/ -->\n<title>Star Wars - The Vintage Collection - Deluxe - Krrsantan - The Book Of Boba Fett &#8902; Toydarians<\/title>\n<meta name=\"description\" content=\"Star Wars, Vintage Colecction, Deluxe, Krrsantan, The Book Of Boba Fett, Juguete, Coleccionable, Figura de Acci\u00f3n, Hasbro, Escala 3.75, Colecci\u00f3n Vintage, Action Figure\" \/>\n<meta name=\"robots\" content=\"index, follow, max-snippet:-1, max-image-preview:large, max-video-preview:-1\" \/>\n<link rel=\"canonical\" href=\"https:\/\/www.toydarians.com\/?product=star-wars-the-vintage-collection-deluxe-krrsantan-the-book-of-boba-fett\" \/>\n<meta property=\"og:locale\" content=\"es_ES\" \/>\n<meta property=\"og:type\" content=\"article\" \/>\n<meta property=\"og:title\" content=\"Star Wars - The Vintage Collection - Deluxe - Krrsantan - The Book Of Boba Fett &#8902; Toydarians\" \/>\n<meta property=\"og:description\" content=\"Star Wars, Vintage Colecction, Deluxe, Krrsantan, The Book Of Boba Fett, Juguete, Coleccionable, Figura de Acci\u00f3n, Hasbro, Escala 3.75, Colecci\u00f3n Vintage, Action Figure\" \/>\n<meta property=\"og:url\" content=\"https:\/\/www.toydarians.com\/?product=star-wars-the-vintage-collection-deluxe-krrsantan-the-book-of-boba-fett\" \/>\n<meta property=\"og:site_name\" content=\"Toydarians\" \/>\n<meta property=\"article:modified_time\" content=\"2023-10-12T21:24:07+00:00\" \/>\n<meta property=\"og:image\" content=\"https:\/\/www.toydarians.com\/wp-content\/uploads\/2023\/08\/458ea731-7b7e-41ec-b632-12617435081b.jpg\" \/>\n\t<meta property=\"og:image:width\" content=\"720\" \/>\n\t<meta property=\"og:image:height\" content=\"540\" \/>\n\t<meta property=\"og:image:type\" content=\"image\/jpeg\" \/>\n<meta name=\"twitter:card\" content=\"summary_large_image\" \/>\n<meta name=\"twitter:label1\" content=\"Tiempo de lectura\" \/>\n\t<meta name=\"twitter:data1\" content=\"2 minutos\" \/>\n<script type=\"application\/ld+json\" class=\"yoast-schema-graph\">{\"@context\":\"https:\/\/schema.org\",\"@graph\":[{\"@type\":\"WebPage\",\"@id\":\"https:\/\/www.toydarians.com\/?product=star-wars-the-vintage-collection-deluxe-krrsantan-the-book-of-boba-fett\",\"url\":\"https:\/\/www.toydarians.com\/?product=star-wars-the-vintage-collection-deluxe-krrsantan-the-book-of-boba-fett\",\"name\":\"Star Wars - The Vintage Collection - Deluxe - Krrsantan - The Book Of Boba Fett &#8902; Toydarians\",\"isPartOf\":{\"@id\":\"https:\/\/www.toydarians.com\/#website\"},\"datePublished\":\"2023-10-12T00:55:44+00:00\",\"dateModified\":\"2023-10-12T21:24:07+00:00\",\"description\":\"Star Wars, Vintage Colecction, Deluxe, Krrsantan, The Book Of Boba Fett, Juguete, Coleccionable, Figura de Acci\u00f3n, Hasbro, Escala 3.75, Colecci\u00f3n Vintage, Action Figure\",\"breadcrumb\":{\"@id\":\"https:\/\/www.toydarians.com\/?product=star-wars-the-vintage-collection-deluxe-krrsantan-the-book-of-boba-fett#breadcrumb\"},\"inLanguage\":\"es\",\"potentialAction\":[{\"@type\":\"ReadAction\",\"target\":[\"https:\/\/www.toydarians.com\/?product=star-wars-the-vintage-collection-deluxe-krrsantan-the-book-of-boba-fett\"]}]},{\"@type\":\"BreadcrumbList\",\"@id\":\"https:\/\/www.toydarians.com\/?product=star-wars-the-vintage-collection-deluxe-krrsantan-the-book-of-boba-fett#breadcrumb\",\"itemListElement\":[{\"@type\":\"ListItem\",\"position\":1,\"name\":\"Portada\",\"item\":\"https:\/\/www.toydarians.com\/\"},{\"@type\":\"ListItem\",\"position\":2,\"name\":\"Shop\",\"item\":\"https:\/\/www.toydarians.com\/?page_id=64\"},{\"@type\":\"ListItem\",\"position\":3,\"name\":\"Star Wars &#8211; The Vintage Collection &#8211; Deluxe &#8211; Krrsantan &#8211; The Book Of Boba Fett\"}]},{\"@type\":\"WebSite\",\"@id\":\"https:\/\/www.toydarians.com\/#website\",\"url\":\"https:\/\/www.toydarians.com\/\",\"name\":\"Toydarians\",\"description\":\"Juguetes y mas all\u00e1!\",\"publisher\":{\"@id\":\"https:\/\/www.toydarians.com\/#organization\"},\"potentialAction\":[{\"@type\":\"SearchAction\",\"target\":{\"@type\":\"EntryPoint\",\"urlTemplate\":\"https:\/\/www.toydarians.com\/?s={search_term_string}\"},\"query-input\":\"required name=search_term_string\"}],\"inLanguage\":\"es\"},{\"@type\":\"Organization\",\"@id\":\"https:\/\/www.toydarians.com\/#organization\",\"name\":\"TOYDARIANS\",\"url\":\"https:\/\/www.toydarians.com\/\",\"sameAs\":[],\"logo\":{\"@type\":\"ImageObject\",\"inLanguage\":\"es\",\"@id\":\"https:\/\/www.toydarians.com\/#\/schema\/logo\/image\/\",\"url\":\"https:\/\/www.toydarians.com\/wp-content\/uploads\/2022\/07\/Toydarians_Aurebesh_02-e1657918368536.png\",\"contentUrl\":\"https:\/\/www.toydarians.com\/wp-content\/uploads\/2022\/07\/Toydarians_Aurebesh_02-e1657918368536.png\",\"width\":1890,\"height\":571,\"caption\":\"TOYDARIANS\"},\"image\":{\"@id\":\"https:\/\/www.toydarians.com\/#\/schema\/logo\/image\/\"}}]}<\/script>\n<!-- \/ Yoast SEO plugin. -->","yoast_head_json":{"title":"Star Wars - The Vintage Collection - Deluxe - Krrsantan - The Book Of Boba Fett &#8902; Toydarians","description":"Star Wars, Vintage Colecction, Deluxe, Krrsantan, The Book Of Boba Fett, Juguete, Coleccionable, Figura de Acci\u00f3n, Hasbro, Escala 3.75, Colecci\u00f3n Vintage, Action Figure","robots":{"index":"index","follow":"follow","max-snippet":"max-snippet:-1","max-image-preview":"max-image-preview:large","max-video-preview":"max-video-preview:-1"},"canonical":"https:\/\/www.toydarians.com\/?product=star-wars-the-vintage-collection-deluxe-krrsantan-the-book-of-boba-fett","og_locale":"es_ES","og_type":"article","og_title":"Star Wars - The Vintage Collection - Deluxe - Krrsantan - The Book Of Boba Fett &#8902; Toydarians","og_description":"Star Wars, Vintage Colecction, Deluxe, Krrsantan, The Book Of Boba Fett, Juguete, Coleccionable, Figura de Acci\u00f3n, Hasbro, Escala 3.75, Colecci\u00f3n Vintage, Action Figure","og_url":"https:\/\/www.toydarians.com\/?product=star-wars-the-vintage-collection-deluxe-krrsantan-the-book-of-boba-fett","og_site_name":"Toydarians","article_modified_time":"2023-10-12T21:24:07+00:00","og_image":[{"width":720,"height":540,"url":"https:\/\/www.toydarians.com\/wp-content\/uploads\/2023\/08\/458ea731-7b7e-41ec-b632-12617435081b.jpg","type":"image\/jpeg"}],"twitter_card":"summary_large_image","twitter_misc":{"Tiempo de lectura":"2 minutos"},"schema":{"@context":"https:\/\/schema.org","@graph":[{"@type":"WebPage","@id":"https:\/\/www.toydarians.com\/?product=star-wars-the-vintage-collection-deluxe-krrsantan-the-book-of-boba-fett","url":"https:\/\/www.toydarians.com\/?product=star-wars-the-vintage-collection-deluxe-krrsantan-the-book-of-boba-fett","name":"Star Wars - The Vintage Collection - Deluxe - Krrsantan - The Book Of Boba Fett &#8902; Toydarians","isPartOf":{"@id":"https:\/\/www.toydarians.com\/#website"},"datePublished":"2023-10-12T00:55:44+00:00","dateModified":"2023-10-12T21:24:07+00:00","description":"Star Wars, Vintage Colecction, Deluxe, Krrsantan, The Book Of Boba Fett, Juguete, Coleccionable, Figura de Acci\u00f3n, Hasbro, Escala 3.75, Colecci\u00f3n Vintage, Action Figure","breadcrumb":{"@id":"https:\/\/www.toydarians.com\/?product=star-wars-the-vintage-collection-deluxe-krrsantan-the-book-of-boba-fett#breadcrumb"},"inLanguage":"es","potentialAction":[{"@type":"ReadAction","target":["https:\/\/www.toydarians.com\/?product=star-wars-the-vintage-collection-deluxe-krrsantan-the-book-of-boba-fett"]}]},{"@type":"BreadcrumbList","@id":"https:\/\/www.toydarians.com\/?product=star-wars-the-vintage-collection-deluxe-krrsantan-the-book-of-boba-fett#breadcrumb","itemListElement":[{"@type":"ListItem","position":1,"name":"Portada","item":"https:\/\/www.toydarians.com\/"},{"@type":"ListItem","position":2,"name":"Shop","item":"https:\/\/www.toydarians.com\/?page_id=64"},{"@type":"ListItem","position":3,"name":"Star Wars &#8211; The Vintage Collection &#8211; Deluxe &#8211; Krrsantan &#8211; The Book Of Boba Fett"}]},{"@type":"WebSite","@id":"https:\/\/www.toydarians.com\/#website","url":"https:\/\/www.toydarians.com\/","name":"Toydarians","description":"Juguetes y mas all\u00e1!","publisher":{"@id":"https:\/\/www.toydarians.com\/#organization"},"potentialAction":[{"@type":"SearchAction","target":{"@type":"EntryPoint","urlTemplate":"https:\/\/www.toydarians.com\/?s={search_term_string}"},"query-input":"required name=search_term_string"}],"inLanguage":"es"},{"@type":"Organization","@id":"https:\/\/www.toydarians.com\/#organization","name":"TOYDARIANS","url":"https:\/\/www.toydarians.com\/","sameAs":[],"logo":{"@type":"ImageObject","inLanguage":"es","@id":"https:\/\/www.toydarians.com\/#\/schema\/logo\/image\/","url":"https:\/\/www.toydarians.com\/wp-content\/uploads\/2022\/07\/Toydarians_Aurebesh_02-e1657918368536.png","contentUrl":"https:\/\/www.toydarians.com\/wp-content\/uploads\/2022\/07\/Toydarians_Aurebesh_02-e1657918368536.png","width":1890,"height":571,"caption":"TOYDARIANS"},"image":{"@id":"https:\/\/www.toydarians.com\/#\/schema\/logo\/image\/"}}]}},"_links":{"self":[{"href":"https:\/\/www.toydarians.com\/index.php?rest_route=\/wp\/v2\/product\/4374"}],"collection":[{"href":"https:\/\/www.toydarians.com\/index.php?rest_route=\/wp\/v2\/product"}],"about":[{"href":"https:\/\/www.toydarians.com\/index.php?rest_route=\/wp\/v2\/types\/product"}],"replies":[{"embeddable":true,"href":"https:\/\/www.toydarians.com\/index.php?rest_route=%2Fwp%2Fv2%2Fcomments&post=4374"}],"version-history":[{"count":5,"href":"https:\/\/www.toydarians.com\/index.php?rest_route=\/wp\/v2\/product\/4374\/revisions"}],"predecessor-version":[{"id":4785,"href":"https:\/\/www.toydarians.com\/index.php?rest_route=\/wp\/v2\/product\/4374\/revisions\/4785"}],"wp:featuredmedia":[{"embeddable":true,"href":"https:\/\/www.toydarians.com\/index.php?rest_route=\/wp\/v2\/media\/4375"}],"wp:attachment":[{"href":"https:\/\/www.toydarians.com\/index.php?rest_route=%2Fwp%2Fv2%2Fmedia&parent=4374"}],"wp:term":[{"taxonomy":"product_cat","embeddable":true,"href":"https:\/\/www.toydarians.com\/index.php?rest_route=%2Fwp%2Fv2%2Fproduct_cat&post=4374"},{"taxonomy":"product_tag","embeddable":true,"href":"https:\/\/www.toydarians.com\/index.php?rest_route=%2Fwp%2Fv2%2Fproduct_tag&post=4374"}],"curies":[{"name":"wp","href":"https:\/\/api.w.org\/{rel}","templated":true}]}}